{"id":435,"date":"2023-09-22T16:01:47","date_gmt":"2023-09-22T19:01:47","guid":{"rendered":"http:\/\/rep.fox3.com.br\/KN\/?post_type=product&#038;p=435"},"modified":"2025-10-18T09:59:31","modified_gmt":"2025-10-18T12:59:31","slug":"kit-juntas-completo-motores-liebherr-d924-d926-t-ti-e-codigo-9883368","status":"publish","type":"product","link":"https:\/\/knmotors.com.br\/index.php\/produto\/kit-juntas-completo-motores-liebherr-d924-d926-t-ti-e-codigo-9883368\/","title":{"rendered":"Sede de v\u00e1lvula admiss\u00e3o C\u00f3d. 9073725  Sede de v\u00e1lvula Escape C\u00f3d. 9073726   Aplica\u00e7\u00e3o: Motores Liebherr D934 \u2013 D936 A6"},"content":{"rendered":"","protected":false},"excerpt":{"rendered":"","protected":false},"featured_media":1138,"template":"","meta":[],"product_cat":[26],"product_tag":[],"class_list":["post-435","product","type-product","status-publish","has-post-thumbnail","hentry","product_cat-produtos"],"_links":{"self":[{"href":"https:\/\/knmotors.com.br\/index.php\/wp-json\/wp\/v2\/product\/435","targetHints":{"allow":["GET"]}}],"collection":[{"href":"https:\/\/knmotors.com.br\/index.php\/wp-json\/wp\/v2\/product"}],"about":[{"href":"https:\/\/knmotors.com.br\/index.php\/wp-json\/wp\/v2\/types\/product"}],"wp:featuredmedia":[{"embeddable":true,"href":"https:\/\/knmotors.com.br\/index.php\/wp-json\/wp\/v2\/media\/1138"}],"wp:attachment":[{"href":"https:\/\/knmotors.com.br\/index.php\/wp-json\/wp\/v2\/media?parent=435"}],"wp:term":[{"taxonomy":"product_cat","embeddable":true,"href":"https:\/\/knmotors.com.br\/index.php\/wp-json\/wp\/v2\/product_cat?post=435"},{"taxonomy":"product_tag","embeddable":true,"href":"https:\/\/knmotors.com.br\/index.php\/wp-json\/wp\/v2\/product_tag?post=435"}],"curies":[{"name":"wp","href":"https:\/\/api.w.org\/{rel}","templated":true}]}}