{"id":447,"date":"2023-09-22T16:05:10","date_gmt":"2023-09-22T19:05:10","guid":{"rendered":"http:\/\/rep.fox3.com.br\/KN\/?post_type=product&#038;p=447"},"modified":"2024-10-13T19:22:24","modified_gmt":"2024-10-13T22:22:24","slug":"recipiente-separador-do-filtro-diesel-com-sensor-codigo-10222821-aplicacao-motores-d934-d936-a6-liebherr-a924c-a944c-r944c-r954c-l538-l580-2","status":"publish","type":"product","link":"https:\/\/knmotors.com.br\/index.php\/produto\/recipiente-separador-do-filtro-diesel-com-sensor-codigo-10222821-aplicacao-motores-d934-d936-a6-liebherr-a924c-a944c-r944c-r954c-l538-l580-2\/","title":{"rendered":"Recipiente separador do filtro diesel com sensor C\u00f3digo: 10222821 Aplica\u00e7\u00e3o: Motores D934 D936-A6 LIEBHERR A924C, A944C, R944C, R954C, L538, L580"},"content":{"rendered":"","protected":false},"excerpt":{"rendered":"","protected":false},"featured_media":1176,"template":"","meta":[],"product_cat":[26],"product_tag":[],"class_list":["post-447","product","type-product","status-publish","has-post-thumbnail","hentry","product_cat-produtos"],"_links":{"self":[{"href":"https:\/\/knmotors.com.br\/index.php\/wp-json\/wp\/v2\/product\/447","targetHints":{"allow":["GET"]}}],"collection":[{"href":"https:\/\/knmotors.com.br\/index.php\/wp-json\/wp\/v2\/product"}],"about":[{"href":"https:\/\/knmotors.com.br\/index.php\/wp-json\/wp\/v2\/types\/product"}],"wp:featuredmedia":[{"embeddable":true,"href":"https:\/\/knmotors.com.br\/index.php\/wp-json\/wp\/v2\/media\/1176"}],"wp:attachment":[{"href":"https:\/\/knmotors.com.br\/index.php\/wp-json\/wp\/v2\/media?parent=447"}],"wp:term":[{"taxonomy":"product_cat","embeddable":true,"href":"https:\/\/knmotors.com.br\/index.php\/wp-json\/wp\/v2\/product_cat?post=447"},{"taxonomy":"product_tag","embeddable":true,"href":"https:\/\/knmotors.com.br\/index.php\/wp-json\/wp\/v2\/product_tag?post=447"}],"curies":[{"name":"wp","href":"https:\/\/api.w.org\/{rel}","templated":true}]}}