{"id":638,"date":"2023-10-24T17:26:40","date_gmt":"2023-10-24T20:26:40","guid":{"rendered":"http:\/\/rep.fox3.com.br\/KN\/?post_type=product&#038;p=638"},"modified":"2023-11-16T18:20:22","modified_gmt":"2023-11-16T21:20:22","slug":"placa-eletronica-a1001-codigo-10687417-aplicacao-escavadeiras-liebherr","status":"publish","type":"product","link":"https:\/\/knmotors.com.br\/index.php\/produto\/placa-eletronica-a1001-codigo-10687417-aplicacao-escavadeiras-liebherr\/","title":{"rendered":"Placa eletr\u00f4nica A1001 c\u00f3digo 10687417  Aplica\u00e7\u00e3o: Escavadeiras Liebherr"},"content":{"rendered":"","protected":false},"excerpt":{"rendered":"","protected":false},"featured_media":639,"template":"","meta":[],"product_cat":[20,26],"product_tag":[],"class_list":["post-638","product","type-product","status-publish","has-post-thumbnail","hentry","product_cat-sem-categoria","product_cat-produtos"],"_links":{"self":[{"href":"https:\/\/knmotors.com.br\/index.php\/wp-json\/wp\/v2\/product\/638","targetHints":{"allow":["GET"]}}],"collection":[{"href":"https:\/\/knmotors.com.br\/index.php\/wp-json\/wp\/v2\/product"}],"about":[{"href":"https:\/\/knmotors.com.br\/index.php\/wp-json\/wp\/v2\/types\/product"}],"wp:featuredmedia":[{"embeddable":true,"href":"https:\/\/knmotors.com.br\/index.php\/wp-json\/wp\/v2\/media\/639"}],"wp:attachment":[{"href":"https:\/\/knmotors.com.br\/index.php\/wp-json\/wp\/v2\/media?parent=638"}],"wp:term":[{"taxonomy":"product_cat","embeddable":true,"href":"https:\/\/knmotors.com.br\/index.php\/wp-json\/wp\/v2\/product_cat?post=638"},{"taxonomy":"product_tag","embeddable":true,"href":"https:\/\/knmotors.com.br\/index.php\/wp-json\/wp\/v2\/product_tag?post=638"}],"curies":[{"name":"wp","href":"https:\/\/api.w.org\/{rel}","templated":true}]}}